{"id":2042,"date":"2015-06-02T15:48:52","date_gmt":"2015-06-02T13:48:52","guid":{"rendered":"https:\/\/beta.lsigroup.se\/referenser\/heimstaden\/"},"modified":"2015-06-02T15:48:52","modified_gmt":"2015-06-02T13:48:52","slug":"heimstaden","status":"publish","type":"referenser","link":"https:\/\/lsigroup.se\/en\/referenser\/heimstaden\/","title":{"rendered":"Heimstaden"},"content":{"rendered":"<p>Under tv\u00e5 etapper har vi hj\u00e4lpt till att f\u00f6rverkliga Ideas id\u00e9er f\u00f6r Heimstadens kontor i Malm\u00f6. Personalmatsalen med en 5 meter l\u00e5ng k\u00f6ks\u00f6 i centrum f\u00e5ngar snabbt betraktarens \u00f6gon. Grad\u00e4nger och trappa till takterassen matchar k\u00f6ket och de tre v\u00e5ningsplanen binds samman av en trappa inkl\u00e4dd i valn\u00f6t och f\u00f6rsedd med LED-belysning.<\/p>\n","protected":false},"excerpt":{"rendered":"<p>Under tv\u00e5 etapper har vi hj\u00e4lpt till att f\u00f6rverkliga Ideas id\u00e9er f\u00f6r Heimstadens kontor i Malm\u00f6<\/p>\n","protected":false},"featured_media":1483,"template":"","kategorier-referenser":[83],"class_list":["post-2042","referenser","type-referenser","status-publish","has-post-thumbnail","hentry","kategorier-referenser-public-environment"],"_links":{"self":[{"href":"https:\/\/lsigroup.se\/en\/wp-json\/wp\/v2\/referenser\/2042","targetHints":{"allow":["GET"]}}],"collection":[{"href":"https:\/\/lsigroup.se\/en\/wp-json\/wp\/v2\/referenser"}],"about":[{"href":"https:\/\/lsigroup.se\/en\/wp-json\/wp\/v2\/types\/referenser"}],"wp:featuredmedia":[{"embeddable":true,"href":"https:\/\/lsigroup.se\/en\/wp-json\/wp\/v2\/media\/1483"}],"wp:attachment":[{"href":"https:\/\/lsigroup.se\/en\/wp-json\/wp\/v2\/media?parent=2042"}],"wp:term":[{"taxonomy":"kategorier-referenser","embeddable":true,"href":"https:\/\/lsigroup.se\/en\/wp-json\/wp\/v2\/kategorier-referenser?post=2042"}],"curies":[{"name":"wp","href":"https:\/\/api.w.org\/{rel}","templated":true}]}}

<p>Under två etapper har vi hjälpt till att förverkliga Ideas idéer för Heimstadens kontor i Malmö. Personalmatsalen med en 5 meter lång köksö i centrum fångar snabbt betraktarens ögon. Gradänger och trappa till takterassen matchar köket och de tre våningsplanen binds samman av en trappa inklädd i valnöt och försedd med LED-belysning.</p>

<p>Under två etapper har vi hjälpt till att förverkliga Ideas idéer för Heimstadens kontor i Malmö</p>
